, 5, 7, 17
Suppose -v - 5*o - 17 = 0, 0 = v + 2*o + 4 + 1. Suppose v*n + p - 4*p - 3333 = 0, -n - 3*p + 1107 = 0. Suppose -71*y = -76*y + n. List the prime factors of y.
2, 3, 37
Suppose -3*r - 4*y = -936, 5*y - 2*y - 9 = 0. Let b = 51 + r. List the prime factors of b.
359
Let z(w) be the third derivative of w**5/30 + 11*w**4/12 - 7*w**3/6 - 7*w**2. Let y be z(-11). Let a(u) = u**2 - 31*u. What are the prime factors of a(y)?
2, 7, 19
Suppose -363727 + 714354 = 118*u - 377551. What are the prime factors of u?
3, 11, 17
Suppose -99*y + 42510 = -632076. What are the prime factors of y?
2, 3407
Let i = -76 + 129. Let u = i - 3. What are the prime factors of u?
2, 5
Let z(y) = -y**3 + 7*y**2 + y - 2. Let r be z(6). Let m = r + -36. Suppose 3*d - m*d = -57. What are the prime factors of d?
3, 19
Let f be ((-17696)/21 + -8)*-6. Suppose -f = -32*d + 24*d. What are the prime factors of d?
2, 11, 29
Suppose -4*s = -7*s - 6, s + 84 = -2*n. List the prime factors of (n - 66)/((-1)/4).
2, 107
What are the prime factors of -3*(-13)/(312/87664) - -8?
2, 5483
Let s(n) = n**3 + 33*n**2 + 74*n + 60. Let q = 853 - 883. What are the prime factors of s(q)?
2, 3, 5
Suppose o = m - 265, 3 = o - 0. Suppose -643 = -5*g + r, -2*g - r = 4*r - m. Suppose -51 = -4*b + g. What are the prime factors of b?
3, 5
Let d(w) = 6*w - 24. Let b(r) = 3*r**2 - 18*r - 4. Let h be b(7). What are the prime factors of d(h)?
2, 3, 13
List the prime factors of 4/2*(-4 + 37235/22) - -1.
2, 3, 563
Let x(t) = 2*t**2 + t - 1. Let r be x(1). Suppose r*j = 12*j + 50. Let c(o) = -22*o + 7. What are the prime factors of c(j)?
3, 13
Let v = -237 - -296. Let g = v - -556. What are the prime factors of g?
3, 5, 41
Let d(o) = -1. Let p(j) = 2*j + 36. Let k(w) = 2*d(w) + p(w). Suppose 0 = 2*z - 4*r - 42, r = -5*z + 4*r + 91. What are the prime factors of k(z)?
2, 17
Let z(y) = 17*y - 55. Let q be z(3). What are the prime factors of 364/(-7)*(122/q - 0)?
2, 13, 61
Suppose 0 = 4*y - 17 + 1, 4*y - 16 = -3*z. Suppose z = 5*r + 11*r - 16384. What are the prime factors of r?
2
Suppose -m + 9 = -3*o + 4*m, 4*o + 4 = 4*m. Suppose -211 + 913 = o*w. What are the prime factors of w?
3, 13
Suppose -5*l - 2 = -3*y - 3*l, 0 = -3*y - 3*l + 27. Suppose -4*h = -12, -3*j + y*j - 525 = -h. List the prime factors of j.
2, 3, 29
Let l = -286 - -290. Suppose -l = 8*v - 1556. What are the prime factors of v?
2, 97
Suppose -37173 = -29*t + 144396. Suppose t + 29679 = 20*l. What are the prime factors of l?
3, 599
Let k(w) be the first derivative of -11*w**2 + 80*w - 49. What are the prime factors of k(3)?
2, 7
Suppose 133*g - 126*g = -5*v + 271896, -5*v = 4*g - 155382. What are the prime factors of g?
2, 3, 6473
Suppose -2659 = -6*t + 2891. List the prime factors of (t/(-3) + 1)/(16/(-48)).
2, 461
Let l(m) = 2*m + 29. Let j be l(-6). Let o be 1661/187 + 2/j. List the prime factors of (6*32)/(o/6).
2
Let g(n) = -201*n**3 + 4*n**2 + 57*n + 36. What are the prime factors of g(-5)?
2, 7, 223
Let b = -3272 + 9392. What are the prime factors of b?
2, 3, 5, 17
Let f = -136 + 129. Let w(n) = -n**3 + 4*n**2 - 17*n + 14. List the prime factors of w(f).
2, 3, 7
Suppose 5 = -5*f, -4*z + 3*f - 264 = -235. Suppose 2*k = -11 + 3. List the prime factors of 1/k - 17/z*34.
2, 3
Let u(r) = -r**3 - 7*r**2 + 6*r + 10. Let a be u(-8). Suppose -a*v = -22*v - 592. Suppose l + f - 2*f - v = 0, -f + 138 = l. List the prime factors of l.
11, 13
Let k(z) be the third derivative of 28*z**2 + 7/3*z**3 + 0*z - 1/4*z**4 + 0. List the prime factors of k(-14).
2, 7
Suppose -2*v - 20 = 5*i, -2*v - 15*i = -12*i + 12. Let a be 153/21 + 4/(-14). Suppose v = 5*u + a*u - 372. List the prime factors of u.
31
Let m be (5/(-10))/(3*4/(-33744)). Suppose 4*n - m = 710. What are the prime factors of n?
23
Let x be (0/((-8)/1))/3. Suppose -3*y + y + 510 = x. What are the prime factors of y?
3, 5, 17
Let x = 46408 + -40399. What are the prime factors of x?
3, 2003
What are the prime factors of (7860/210 - 37) + (-220749)/(-7)?
2, 3, 73
Let a(j) = 144*j**2 - 165*j + 5. What are the prime factors of a(9)?
2, 19, 67
Suppose -37*l = 823 - 268. What are the prime factors of 371 - (l/(-5) - -2)?
2, 3, 61
Let v(s) = -203*s - 1319. What are the prime factors of v(-16)?
3, 643
Suppose -w = -17 - 83. Let n(u) = -u**3 - 10*u**2 - 10*u + 4. Let p be n(-9). Let y = w - p. What are the prime factors of y?
3, 29
List the prime factors of (-30 - (-16 - 0)) + 25742.
2, 3, 67
Let h = 18291 - 7246. What are the prime factors of h?
5, 47
Let k = -10 + 11. Let o be (1 - -9)*k*(-54)/(-30). Suppose 13*p = o*p - 855. What are the prime factors of p?
3, 19
Suppose -108151 = -6*k - n, -2*n = 33*k - 34*k + 18036. List the prime factors of k.
2, 9013
Suppose -129*m = -123*m - 112662. List the prime factors of m.
3, 11, 569
Let a = -16014 + 27336. List the prime factors of a.
2, 3, 17, 37
Let c = -48 + 57. Let n be (-626)/(-2) + c/(-3). Let k = n - 211. List the prime factors of k.
3, 11
Let c be (-148)/(-6) + 2 - 9/(-27). Let j be c*1/(-2 - -3). Suppose t - j = 4. What are the prime factors of t?
31
Let u(o) = -o**2 - 22*o + 4. Let n = 7 + -25. Let x be u(n). Let q = x + 13. List the prime factors of q.
89
Let a(g) = 3*g**2 + 74*g - 930. List the prime factors of a(78).
2, 3, 1283
Suppose 25*o = 34*o - 27. Suppose 3*y = -3*i + 1266, 27*y - 25*y - 1263 = -o*i. What are the prime factors of i?
419
Let q be (-2)/(1*1/4). Let b(a) = 2*a + 5. Let c be b(q). Let p(u) = u**2 + 6*u. List the prime factors of p(c).
5, 11
Suppose 1885 = 2*h + 3*z, 3*h - 8*z + 3*z - 2780 = 0. List the prime factors of h.
5, 11, 17
Let b(p) be the second derivative of -3*p**5/10 + p**4/12 - p**3 + 30*p. Suppose -13 + 4 = 3*c. What are the prime factors of b(c)?
3, 7
Let o be (-1)/(((-10)/(-6) - 3) + 1). Suppose 0 = -l + 4*l + 12, -3*p = o*l. Suppose 550 + 202 = p*j. List the prime factors of j.
2, 47
Suppose 1304*j - 1331*j + 240057 = 0. List the prime factors of j.
17, 523
Let t(a) be the first derivative of 11*a**2/2 - 7*a - 48. What are the prime factors of t(7)?
2, 5, 7
Let v be -2 - -3 - 2/(-2). List the prime factors of (1/(-2))/(1/v) - -378.
13, 29
Let r = 59 + -52. Suppose 0 = -5*j + 8*g - r*g - 519, 4*j - 3*g + 424 = 0. Let w = 219 + j. List the prime factors of w.
2, 29
Let m be (65/10)/(2/(-8)*-2). Let c = -35 - -83. Let j = c - m. What are the prime factors of j?
5, 7
Suppose 2*z = 8, 3*g - 179 = 6*z - 2*z. Suppose q - g = 23. Suppose 4 = -2*b + q. What are the prime factors of b?
2, 3, 7
Suppose -426 = -v - 427. Let p(z) = -942*z**3 + 2*z**2 + 4*z + 3. What are the prime factors of p(v)?
23, 41
Suppose 0 = 3*q - 3*s - 534, -4*q + 3*s - 2 = -716. Let t be (117*2)/2*1. Let b = q - t. What are the prime factors of b?
3, 7
Suppose 0 = 3*g + 12, 2*f = -5*g + 54715 + 8723. What are the prime factors of f?
31729
Let w(p) = -3*p**2 + 20*p + 11. Let l be w(7). Suppose l*x = -5911 - 4105. What are the prime factors of (2 + -1)/(-5) + x/(-20)?
5
Let x(w) = w**2 - 2. Let r be x(2). Suppose -3*j = r*g - 620, -5*j + 1457 = 3*g + 422. List the prime factors of j.
2, 3, 5, 7
Let d = 29 - 25. Let b(w) = 4*w - 3*w - 160*w**3 - 3 - d*w + 1. List the prime factors of b(-1).
7, 23
Suppose 0 = c - 5*s - 42449, -107415 = -4*c + 4*s + 62285. List the prime factors of c.
13, 251
What are the prime factors of ((-47)/11 - -4) + (-3698023)/(-77)?
2, 11, 37, 59
Suppose -169*o - 16099 = -174*o + m, 3*o - 9649 = -2*m. List the prime factors of o.
3, 29, 37
Let b = 67 + -69. Let f be (1 + -3)*5/b. Suppose -407 = -4*a + f*m - 4*m, -a - 3*m = -105. What are the prime factors of a?
2, 3, 17
Let u(n) = -7*n**3 - 387*n**2 - 69*n - 22. What are the prime factors of u(-56)?
2, 43, 227
Let r(o) = o**2 + 7*o + 17. Let p be r(-3). Suppose -3852 = -p*a - 667. What are the prime factors of a?
7, 13
Let z be (-4)/(-1) + -5 - 4*-1. Suppose 0*x - 9 = z*x. What are the prime factors of 3*2*x/(-6)?
3
What are the prime factors of 15/((-240)/(-35584)) + -8?
2, 277
Suppose 42*z + 50 = 47*z. Suppose 0 = 8*h - z*h - 224. Let o = h + 216. List the prime factors of o.
2, 13
What are the prime factors of ((-360)/240)/((-6)/43672)?
2, 53, 103
Let l be (6/(-8))/(-3) - 8589/(-28). Suppose 305 + l = 4*m. Suppose -m = -z + 4*x, 3*x = -0*x - 12. What are the prime factors 